. Let f be w(-8). Suppose -2*y = y - f. What is the highest common factor of y and 110?
22
Let t(y) = y + 2*y + 2*y**2 + 2*y**2. Let r be t(-3). Let g be r/6 - (-1)/2. What is the highest common factor of g and 20?
5
Suppose -5*a = 14 - 39. Suppose -p + 25 = a*j, 0*j - 12 = -4*p + 2*j. Suppose 4 = f - p. Calculate the greatest common divisor of f and 72.
9
Suppose -3*r - 7 - 52 = -q, 2*q - 108 = -4*r. What is the greatest common divisor of q and 7?
7
Let t be (21/(-6))/(2/(-4)). Suppose -x = 4*x - 3*q - 283, -x + 2*q + 58 = 0. What is the highest common divisor of t and x?
7
Let v(f) = f**2 - f + 110. Let u be v(0). Suppose -4*a + 269 = c + 4*c, -a = 2*c - u. What is the greatest common divisor of c and 19?
19
Let z = 15 + 20. What is the greatest common divisor of z and 7?
7
Let u = 28 - 13. What is the highest common factor of u and 15?
15
Suppose 0 = -5*m + 3*i - 3, 0 = 5*m + 5*i - i - 4. Suppose -4*f = -m*f - 48. Calculate the greatest common divisor of f and 48.
12
Let z = 24 - 3. What is the greatest common divisor of 21 and z?
21
Suppose 83 = 6*q - 1. Calculate the greatest common factor of 21 and q.
7
Let r = -131 - -235. Calculate the greatest common divisor of 26 and r.
26
Let f be 15/18 - (-7)/42. Let h = 14 - 9. Suppose 0 = -2*g - 4*i + 20, h*g + f = 2*i + 3. Calculate the highest common factor of 6 and g.
2
Suppose 0 = -3*r + 55 + 215. Calculate the greatest common divisor of 75 and r.
15
Suppose 12*q - q = 132. Calculate the greatest common divisor of q and 18.
6
Let w(k) = -k**3 + k**2 + 132. Let j be w(0). Suppose 4*s + 0*s + 5*b = 53, -5*s - 2*b = -62. Calculate the highest common divisor of j and s.
12
Suppose -3*w = -3 - 3. Suppose -3*j = 5*v - 23, w*j + 0*v - 37 = v. Suppose o - 5*o + j = 0. Calculate the greatest common divisor of o and 4.
4
Suppose 6 + 30 = 4*z. Calculate the highest common divisor of z and 162.
9
Let g(l) = 2*l**2 - 3*l - 8. Let n be g(3). Calculate the highest common factor of 8 and n.
1
Let q(o) = o**2 - 2*o - 1. Let w = 4 + -1. Let h be (-2)/w + 2/(-6). Let z be q(h). Calculate the greatest common divisor of z and 3.
1
Suppose -17 = 4*r - 1. Let n = 10 + r. Let w = 16 - n. What is the greatest common factor of 70 and w?
10
Let p(j) = 32*j**3 - 2*j**2 + 2*j. Let a be p(1). What is the highest common divisor of a and 16?
16
Suppose 242 = 10*x - 158. What is the greatest common factor of x and 120?
40
Let f be 14/1 - -4*1. Let s be -34 + (0 - (-2)/(-1)). Let w be ((-22)/(-4))/((-1)/s). Calculate the highest common factor of w and f.
18
Let c = -6 - -31. Let z(s) = 151*s**2 - 1. Let t be z(-1). Calculate the highest common divisor of t and c.
25
Suppose y + 3*u - 25 = 0, 2*y + y = -5*u + 71. Suppose -4*p = -4*s + 36, -28 = -3*s - 2*p + 9. What is the greatest common divisor of s and y?
11
Let u(p) = -p**3 + 2*p - 1. Let h be (-9)/(-12)*(-2 + -2). Let b be u(h). What is the highest common factor of b and 220?
20
Suppose m + 30 = 3*g, -3*g + 2*m + 33 = -0*m. Suppose -4*r + v + 19 = 0, 4*r + g - 26 = 3*v. Calculate the greatest common factor of r and 5.
5
Suppose 81*v = 88*v - 294. Let d(t) = 57*t**3 + t**2 + t + 1. Let a be d(-1). Let s be 3/((-62)/a - 1). What is the greatest common factor of v and s?
14
Suppose 3*o - 15*y - 48 = -18*y, -40 = -5*o + 5*y. Let w(t) = -t + 4. Let h be w(3). Let v = h + 2. Calculate the highest common divisor of v and o.
3
Let y be (-2 - 43)*(14/(-6) + 1). What is the greatest common factor of y and 24?
12
Let p = -4 - -8. Suppose 14 = p*l - 34. Calculate the greatest common divisor of 6 and l.
6
Let t(d) = 2*d - 1. Let r be t(2). Let i(v) = 5 - 4 + 8*v**2 - v**2 - 4*v. Let l be i(r). What is the highest common factor of l and 13?
13
Let h be 0 + (-4)/28 + (-1640)/(-14). Let k = 132 + -63. Suppose 2*x - 61 = -5*c, -2*c + k = 3*c - 2*x. What is the highest common divisor of h and c?
13
Suppose 5*o + 6 = 3*o, 4*p + 2*o - 134 = 0. Suppose 0*u + 5*u = p. Suppose 4*a = 3*a + 56. Calculate the highest common divisor of a and u.
7
Let u = -16 + 26. Suppose 3*c = 2*c + 50. Calculate the highest common divisor of c and u.
10
Let f be 4/(-18) + 238/18. Let c = 70 - 31. What is the highest common divisor of c and f?
13
Let i = 72 + 27. Let b be 1 + 3/(6/2). Suppose 0 = -b*m - m + 27. What is the greatest common divisor of i and m?
9
Let l = 0 - 0. Suppose l = 2*m - 65 + 21. What is the highest common divisor of 2 and m?
2
Let j(a) = a**3 + 3*a**2 - 5*a - 6. Let x be j(-4). Let v be x + 6 + -1 - -21. What is the highest common divisor of v and 36?
12
Let l = 21 - 9. Suppose -y + 303 = -4*y. Let j = 7 - y. Calculate the greatest common factor of j and l.
12
Let w be 3*(3 + (-8)/(-1)). Suppose p = 2*m - 25, -34 = 2*p + 3*m + m. Let d = p + w. Calculate the greatest common factor of 3 and d.
3
Let h = -141 - -142. Let i = -1 + 2. What is the greatest common divisor of i and h?
1
Suppose 0 = -3*i + 8*i - 5*p - 300, -p = -3. Calculate the highest common factor of i and 9.
9
Let v = 106 - 46. Let k(h) = -h**3 + 6*h**2 - 5*h. Let l be k(5). Suppose j - 2*j + 24 = l. Calculate the greatest common factor of v and j.
12
Let f(r) = 98*r + 4. Let b be f(2). Suppose 0*l - l + 20 = 4*p, 5*p + b = 5*l. What is the greatest common factor of l and 4?
4
Let x be (2 - -1)*3/3. Let n be (-167)/(-3) - (-1)/x. Suppose -i = -0*i - n. Calculate the highest common divisor of 8 and i.
8
Let v be (4 + -7)*(-1 + -2). Let n be 677/v - (-20)/(-90). Calculate the greatest common divisor of 50 and n.
25
Suppose -3*k = -3*s - 288, 0 = 3*k + s - 265 - 15. Suppose 4*o - 34 = 3*m - k, m + 2*o = 30. Let j = 6 - 3. What is the greatest common divisor of m and j?
3
Let a(i) = 2*i**2 + 7*i - 2. Let u be a(6). Let b be 1/((4/2)/6). Suppose -9 = -3*c, -b*r - 3*c + 73 = r. What is the greatest common factor of u and r?
16
Suppose 3*o + 495 = 5*b, -b = b + 3*o - 198. Calculate the greatest common factor of b and 11.
11
Let d = 0 + -6. Let x be (-43)/(-2) - (-3)/d. Suppose 0 = 2*t - 5*s - x - 24, -s = 5. What is the highest common divisor of 60 and t?
10
Let y(s) = -s**2 - 9*s - 1. Let b be y(-8). Suppose 5*o - 40 = 65. Calculate the highest common factor of o and b.
7
Let f(y) = -6*y**3 + 2*y + 2. Let m be f(-1). Calculate the highest common factor of 48 and m.
6
Suppose -a - 4*a = -75. Let w = a - 4. Calculate the highest common factor of 11 and w.
11
Let p = 11 - -2. Let v = -39 - -156. What is the greatest common divisor of p and v?
13
Suppose -r - 2 = 0, -m + 3*r = -36 - 222. What is the highest common divisor of 28 and m?
28
Let d be 2/4*(1 - 1). Suppose -4*y + 2*b + 254 = 0, d*y + 4*b = 4*y - 244. What is the highest common factor of y and 6?
6
Let b = 72 + -40. Suppose 4*y = 17 + 15. What is the highest common divisor of y and b?
8
Suppose -176 = -a - 3*a. Let o = 115 - 93. What is the greatest common divisor of o and a?
22
Let c = -2 + 3. Suppose z + 13 = 2*g - 0*z, -35 = -5*g + 2*z. Suppose -4*d = g - 21. Calculate the highest common factor of c and d.
1
Let n = 19 + -13. Let h = n + 0. What is the highest common divisor of 4 and h?
2
Let h be (-7)/((-3)/6*-1). Let o = h + 58. What is the greatest common factor of 11 and o?
11
Let v = -213 + 103. Let n be (v - 18)*1/(-2). Let h be ((-16)/(-3))/((-2)/(-6)). Calculate the highest common factor of h and n.
16
Suppose 5*n - 63 = -2*k, 5*k + 13 = -0*n + 3*n. Suppose 0 = -p + 4*v + n, -2*p - v = -0*p - 31. Calculate the highest common divisor of p and 10.
5
Suppose -4*u + 4*w + 242 = 42, 2*u + 4*w - 130 = 0. What is the greatest common factor of u and 495?
55
Let h be 0 - ((-16)/1)/4. Suppose -h*q + 60 = -q. Suppose -3*y = -15, -3*m + 4*y = -0*y - 10. Calculate the highest common factor of m and q.
10
Let g = 28 + -19. Let u = 20 - g. Let k = -56 - -133. Calculate the greatest common divisor of k and u.
11
Let m(u) = 2*u**2 - 5*u. Let l be m(-3). What is the highest common factor of 3 and l?
3
Let a(p) = p**2 - 4*p + 11. Let v be a(6). Let s = v + -14. What is the highest common factor of s and 45?
9
Suppose 113 + 118 = 3*t. Calculate the greatest common divisor of t and 7.
7
Let m = 43 - 23. Calculate the highest common divisor of m and 10.
10
Let j = -24 + 50. Calculate the highest common divisor of j and 13.
13
Let n(a) = -a**2 + 6*a - 4. Let d be n(6). Let u be (d/(-5))